ons digit of 2628867104?
6
What is the ten thousands digit of 744082102?
8
What is the hundreds digit of 125489020?
0
What is the thousands digit of 221686706?
6
What is the tens digit of 42524811?
1
What is the thousands digit of 244950578?
0
What is the tens digit of 50190919?
1
What is the tens digit of 8101821?
2
What is the hundreds digit of 135755676?
6
What is the ten thousands digit of 78321051?
2
What is the millions digit of 95996149?
5
What is the tens digit of 26873450?
5
What is the millions digit of 402830206?
2
What is the hundred thousands digit of 73917478?
9
What is the units digit of 10694093?
3
What is the hundreds digit of 144711449?
4
What is the millions digit of 35271216?
5
What is the ten thousands digit of 267160806?
6
What is the tens digit of 741976497?
9
What is the ten thousands digit of 26041198?
4
What is the millions digit of 654819271?
4
What is the ten millions digit of 946770458?
4
What is the thousands digit of 767088723?
8
What is the tens digit of 308807209?
0
What is the hundred millions digit of 1723758197?
7
What is the units digit of 67813043?
3
What is the hundred millions digit of 5869416053?
8
What is the tens digit of 540717187?
8
What is the billions digit of 1193869175?
1
What is the ten thousands digit of 43104334?
0
What is the units digit of 96399970?
0
What is the ten thousands digit of 72891269?
9
What is the hundred millions digit of 1272784932?
2
What is the millions digit of 479318361?
9
What is the billions digit of 1091862990?
1
What is the tens digit of 18201694?
9
What is the hundred millions digit of 1129148051?
1
What is the ten millions digit of 179550447?
7
What is the hundred thousands digit of 364427054?
4
What is the millions digit of 476814072?
6
What is the hundreds digit of 28952198?
1
What is the ten millions digit of 617119675?
1
What is the hundred thousands digit of 2569948496?
9
What is the ten thousands digit of 46117349?
1
What is the units digit of 114937469?
9
What is the hundred thousands digit of 1555110096?
1
What is the units digit of 3674395080?
0
What is the thousands digit of 38592163?
2
What is the thousands digit of 615868022?
8
What is the ten thousands digit of 220171283?
7
What is the thousands digit of 46467319?
7
What is the units digit of 206402030?
0
What is the hundred thousands digit of 503849803?
8
What is the hundred thousands digit of 18097597?
0
What is the hundreds digit of 48340305?
3
What is the tens digit of 242455973?
7
What is the ten millions digit of 1111953832?
1
What is the thousands digit of 673127402?
7
What is the ten millions digit of 135111962?
3
What is the thousands digit of 343598249?
8
What is the thousands digit of 90546405?
6
What is the tens digit of 345452195?
9
What is the ten millions digit of 93780210?
9
What is the tens digit of 6188708586?
8
What is the tens digit of 900283497?
9
What is the hundred millions digit of 381457868?
3
What is the units digit of 20861412?
2
What is the ten thousands digit of 482229814?
2
What is the ten millions digit of 192027492?
9
What is the millions digit of 64060183?
4
What is the thousands digit of 881439864?
9
What is the hundred thousands digit of 340598064?
5
What is the thousands digit of 2459341479?
1
What is the ten millions digit of 205895501?
0
What is the ten thousands digit of 842851967?
5
What is the ten millions digit of 19596800?
1
What is the tens digit of 24578595?
9
What is the ten millions digit of 2606379571?
0
What is the hundred millions digit of 331285034?
3
What is the millions digit of 496584925?
6
What is the tens digit of 40437969?
6
What is the tens digit of 1264569521?
2
What is the millions digit of 1620195575?
0
What is the millions digit of 193393062?
3
What is the billions digit of 1279418347?
1
What is the tens digit of 16983939?
3
What is the ten millions digit of 1620875695?
2
What is the ten thousands digit of 360317331?
1
What is the ten millions digit of 87803605?
8
What is the millions digit of 377075468?
7
What is the hundreds digit of 3749277896?
8
What is the units digit of 283109141?
1
What is the thousands digit of 29182446?
2
What is the units digit of 5618421094?
4
What is the tens digit of 26855955?
5
What is the tens digit of 263584024?
2
What is the units digit of 41098292?
2
What is the units digit of 346703890?
0
What is the tens digit of 640540236?
3
What is the ten millions digit of 183386671?
8
What is the ten millions digit of 3293292283?
9
What is the thousands digit of 874114479?
4
What is the tens digit of 215352964?
6
What is the millions digit of 2473100820?
3
What is the units digit of 4777193680?
0
What is the thousands digit of 4571728650?
8
What is the thousands digit of 24349602?
9
What is the ten thousands digit of 335566683?
6
What is the millions digit of 74684695?
4
What is the ten thousands digit of 60387065?
8
What is the hundred thousands digit of 48022623?
0
What is the units digit of 80111191?
1
What is the tens digit of 262547892?
9
What is the hundred millions digit of 2594072662?
5
What is the ten thousands digit of 91547144?
4
What is the tens digit of 764399959?
5
What is the ten millions digit of 224809672?
2
What is the tens digit of 811185911?
1
What is the millions digit of 292927378?
2
What is the hundred thousands digit of 224195906?
1
What is the hundreds digit of 227524391?
3
What is the hundred millions digit of 2143322569?
1
What is the hundred millions digit of 880628165?
8
What is the hundred millions digit of 230327109?
2
What is the hundreds digit of 3757199114?
1
What is the hundred thousands digit of 4384800647?
8
What is the ten thousands digit of 980865571?
6
What is the units digit of 161666632?
2
What is the hundred thousands digit of 546383053?
3
What is the units digit of 1587615201?
1
What is the ten thousands digit of 2930278001?
7
What is the tens digit of 67198350?
5
What is the ten millions digit of 32832294?
3
What is the tens digit of 88432238?
3
What is the ten thousands digit of 3119250280?
5
What is the hundred thousands digit of 54626711?
6
What is the hundred thousands digit of 326370878?
3
What is the tens digit of 81775153?
5
What is the ten thousands digit of 1518369557?
6
What is the hundreds digit of 58234188?
1
What is the hundred millions digit of 209965389?
2
What is the tens digit of 57069988?
8
What is the hundreds digit of 1931992425?
4
What is the hundreds digit of 300973148?
1
What is the units digit of 992250094?
4
What is the hundred thousands digit of 1192326396?
3
What is the hundreds digit of 36714647?
6
What is the hundreds digit of 136534294?
2
What is the hundreds digit of 2584147847?
8
What is the millions digit of 46108337?
6
What is the hundreds digit of 829726462?
4
What is the ten thousands digit of 358802623?
0
What is the billions digit of 2827638279?
2
What is the ten thousands digit of 226675365?
7
What is the tens digit of 66745799?
9
What is the tens digit of 2518193?
9
What is the hundred thousands digit of 5074774849?
7
What is the hundred millions digit of 279773868?
2
What is the millions digit of 56091033?
6
What is the billions digit of 1409143536?
1
What is the units digit of 321015907?
7
What is the ten thousands digit of 23801778?
0
What is the ten millions digit of 97216122?
9
What is the ten millions digit of 40726851?
4
What is the ten thousands digit of 2775370290?
7
What is the billions digit of 1939875179?
1
What is the hundred millions digit of 354802041?
3
What is the hundred thousands digit of 144645512?
6
What is the ten millions digit of 223636552?
2
What is the tens digit of 1654428937?
3
What is the hundreds digit of 1747382974?
9
What is the hundred thousands digit of 2086933789?
9
What is the ten thousands digit of 107136474?
3
What is the millions digit of 104931562?
4
What is the hundred thousands digit of 1277248698?
2
What is the millions digit of 251823462?
1
What is the ten millions digit of 101782894?
0
What is the thousands digit of 26522130?
2
What is the millions digit of 442490880?
2
What is the billions digit of 2449761091?
2
What is the tens digit of 1688699498?
9
What is the hundreds digit of 60749711?
7
What is the hundred millions digit of 3245624105?
2
What is the hundreds digit of 13970485?
4
W